{"id":1038,"date":"2017-12-07T17:31:15","date_gmt":"2017-12-07T17:31:15","guid":{"rendered":"http:\/\/www.challenge-family.com\/itaipu\/?page_id=1038"},"modified":"2018-08-25T21:03:11","modified_gmt":"2018-08-25T21:03:11","slug":"forall","status":"publish","type":"page","link":"https:\/\/www.challenge-family.com\/brasil-olympic\/provas\/forall\/?lang=pt-br","title":{"rendered":"Challenge forALL"},"content":{"rendered":"<div class=\"wpb-content-wrapper\">[vc_row el_class=&#8221;time-schedule&#8221;][vc_column][vc_column_text css=&#8221;.vc_custom_1535123168002{margin-bottom: 0px !important;}&#8221;]\n<p><span style=\"font-weight: 400\">A Largada das corridas de 5 e 10 km acontecer\u00e1 na bel\u00edssima pra\u00e7a de Piat\u00e3. Os atletas competidores seguir\u00e3o em dire\u00e7\u00e3o a Patamares, passando pela bel\u00edssima Orla de Salvador com suas \u00e1guas cristalinas, e um visual com repleto de coqueiros presenciando o encontro do rio com o mar.<\/span>[\/vc_column_text][\/vc_column][\/vc_row][vc_row el_class=&#8221;time-schedule&#8221;][vc_column][mk_divider][\/vc_column][\/vc_row][vc_row el_class=&#8221;time-schedule&#8221;][vc_column][mk_image src=&#8221;http:\/\/www.challenge-family.com\/brasil-olympic\/wp-content\/uploads\/sites\/12\/2018\/08\/ch01.jpg&#8221; image_size=&#8221;medium&#8221;][\/vc_column][\/vc_row][vc_row][vc_column][mk_divider][\/vc_column][\/vc_row][vc_row][vc_column][mk_fancy_title size=&#8221;24&#8243; font_family=&#8221;none&#8221;]Percursos[\/mk_fancy_title][\/vc_column][\/vc_row][vc_row][vc_column width=&#8221;1\/2&#8243;][mk_image src=&#8221;http:\/\/www.challenge-family.com\/brasil-olympic\/wp-content\/uploads\/sites\/12\/2018\/08\/corrida_10km.png&#8221; image_size=&#8221;full&#8221; align=&#8221;center&#8221; animation=&#8221;scale-up&#8221;][\/vc_column][vc_column width=&#8221;1\/2&#8243;][mk_image src=&#8221;http:\/\/www.challenge-family.com\/brasil-olympic\/wp-content\/uploads\/sites\/12\/2018\/08\/corrida_5km.png&#8221; image_size=&#8221;full&#8221; align=&#8221;center&#8221; animation=&#8221;scale-up&#8221;][\/vc_column][\/vc_row]\n<\/div>","protected":false},"excerpt":{"rendered":"<p>[vc_row el_class=&#8221;time-schedule&#8221;][vc_column][vc_column_text css=&#8221;.vc_custom_1535123168002{margin-bottom: 0px !important;}&#8221;] A Largada das corridas de 5 e 10 km acontecer\u00e1 na bel\u00edssima pra\u00e7a de Piat\u00e3. Os atletas competidores seguir\u00e3o em dire\u00e7\u00e3o a Patamares, passando pela bel\u00edssima Orla de Salvador com suas \u00e1guas cristalinas, e um visual com repleto de coqueiros presenciando o encontro do rio com o mar.[\/vc_column_text][\/vc_column][\/vc_row][vc_row el_class=&#8221;time-schedule&#8221;][vc_column][mk_divider][\/vc_column][\/vc_row][vc_row el_class=&#8221;time-schedule&#8221;][vc_column][mk_image [&hellip;]<\/p>\n","protected":false},"author":5,"featured_media":0,"parent":1032,"menu_order":0,"comment_status":"closed","ping_status":"closed","template":"","meta":{"footnotes":""},"class_list":["post-1038","page","type-page","status-publish","hentry"],"yoast_head":"<!-- This site is optimized with the Yoast SEO plugin v25.6 - https:\/\/yoast.com\/wordpress\/plugins\/seo\/ -->\n<title>Challenge forALL - Challenge Family Brazil<\/title>\n<meta name=\"robots\" content=\"index, follow, max-snippet:-1, max-image-preview:large, max-video-preview:-1\" \/>\n<link rel=\"canonical\" href=\"https:\/\/www.challenge-family.com\/brasil-olympic\/provas\/forall\/?lang=pt-br\" \/>\n<meta property=\"og:locale\" content=\"en_US\" \/>\n<meta property=\"og:type\" content=\"article\" \/>\n<meta property=\"og:title\" content=\"Challenge forALL - Challenge Family Brazil\" \/>\n<meta property=\"og:description\" content=\"[vc_row el_class=&#8221;time-schedule&#8221;][vc_column][vc_column_text css=&#8221;.vc_custom_1535123168002{margin-bottom: 0px !important;}&#8221;] A Largada das corridas de 5 e 10 km acontecer\u00e1 na bel\u00edssima pra\u00e7a de Piat\u00e3. Os atletas competidores seguir\u00e3o em dire\u00e7\u00e3o a Patamares, passando pela bel\u00edssima Orla de Salvador com suas \u00e1guas cristalinas, e um visual com repleto de coqueiros presenciando o encontro do rio com o mar.[\/vc_column_text][\/vc_column][\/vc_row][vc_row el_class=&#8221;time-schedule&#8221;][vc_column][mk_divider][\/vc_column][\/vc_row][vc_row el_class=&#8221;time-schedule&#8221;][vc_column][mk_image [&hellip;]\" \/>\n<meta property=\"og:url\" content=\"https:\/\/www.challenge-family.com\/brasil-olympic\/provas\/forall\/?lang=pt-br\" \/>\n<meta property=\"og:site_name\" content=\"Challenge Family Brazil\" \/>\n<meta property=\"article:modified_time\" content=\"2018-08-25T21:03:11+00:00\" \/>\n<meta name=\"twitter:card\" content=\"summary_large_image\" \/>\n<meta name=\"twitter:label1\" content=\"Est. reading time\" \/>\n\t<meta name=\"twitter:data1\" content=\"1 minute\" \/>\n<script type=\"application\/ld+json\" class=\"yoast-schema-graph\">{\"@context\":\"https:\/\/schema.org\",\"@graph\":[{\"@type\":\"WebPage\",\"@id\":\"https:\/\/www.challenge-family.com\/brasil-olympic\/provas\/forall\/?lang=pt-br\",\"url\":\"https:\/\/www.challenge-family.com\/brasil-olympic\/provas\/forall\/?lang=pt-br\",\"name\":\"Challenge forALL - Challenge Family Brazil\",\"isPartOf\":{\"@id\":\"https:\/\/www.challenge-family.com\/brasil-olympic\/#website\"},\"datePublished\":\"2017-12-07T17:31:15+00:00\",\"dateModified\":\"2018-08-25T21:03:11+00:00\",\"breadcrumb\":{\"@id\":\"https:\/\/www.challenge-family.com\/brasil-olympic\/provas\/forall\/?lang=pt-br#breadcrumb\"},\"inLanguage\":\"en-US\",\"potentialAction\":[{\"@type\":\"ReadAction\",\"target\":[\"https:\/\/www.challenge-family.com\/brasil-olympic\/provas\/forall\/?lang=pt-br\"]}]},{\"@type\":\"BreadcrumbList\",\"@id\":\"https:\/\/www.challenge-family.com\/brasil-olympic\/provas\/forall\/?lang=pt-br#breadcrumb\",\"itemListElement\":[{\"@type\":\"ListItem\",\"position\":1,\"name\":\"Home\",\"item\":\"https:\/\/www.challenge-family.com\/brasil-olympic\/\"},{\"@type\":\"ListItem\",\"position\":2,\"name\":\"Provas\",\"item\":\"https:\/\/www.challenge-family.com\/brasil-olympic\/provas\/?lang=pt-br\"},{\"@type\":\"ListItem\",\"position\":3,\"name\":\"Challenge forALL\"}]},{\"@type\":\"WebSite\",\"@id\":\"https:\/\/www.challenge-family.com\/brasil-olympic\/#website\",\"url\":\"https:\/\/www.challenge-family.com\/brasil-olympic\/\",\"name\":\"Challenge Family Brazil\",\"description\":\"We are triathlon\",\"potentialAction\":[{\"@type\":\"SearchAction\",\"target\":{\"@type\":\"EntryPoint\",\"urlTemplate\":\"https:\/\/www.challenge-family.com\/brasil-olympic\/?s={search_term_string}\"},\"query-input\":{\"@type\":\"PropertyValueSpecification\",\"valueRequired\":true,\"valueName\":\"search_term_string\"}}],\"inLanguage\":\"en-US\"}]}<\/script>\n<!-- \/ Yoast SEO plugin. -->","yoast_head_json":{"title":"Challenge forALL - Challenge Family Brazil","robots":{"index":"index","follow":"follow","max-snippet":"max-snippet:-1","max-image-preview":"max-image-preview:large","max-video-preview":"max-video-preview:-1"},"canonical":"https:\/\/www.challenge-family.com\/brasil-olympic\/provas\/forall\/?lang=pt-br","og_locale":"en_US","og_type":"article","og_title":"Challenge forALL - Challenge Family Brazil","og_description":"[vc_row el_class=&#8221;time-schedule&#8221;][vc_column][vc_column_text css=&#8221;.vc_custom_1535123168002{margin-bottom: 0px !important;}&#8221;] A Largada das corridas de 5 e 10 km acontecer\u00e1 na bel\u00edssima pra\u00e7a de Piat\u00e3. Os atletas competidores seguir\u00e3o em dire\u00e7\u00e3o a Patamares, passando pela bel\u00edssima Orla de Salvador com suas \u00e1guas cristalinas, e um visual com repleto de coqueiros presenciando o encontro do rio com o mar.[\/vc_column_text][\/vc_column][\/vc_row][vc_row el_class=&#8221;time-schedule&#8221;][vc_column][mk_divider][\/vc_column][\/vc_row][vc_row el_class=&#8221;time-schedule&#8221;][vc_column][mk_image [&hellip;]","og_url":"https:\/\/www.challenge-family.com\/brasil-olympic\/provas\/forall\/?lang=pt-br","og_site_name":"Challenge Family Brazil","article_modified_time":"2018-08-25T21:03:11+00:00","twitter_card":"summary_large_image","twitter_misc":{"Est. reading time":"1 minute"},"schema":{"@context":"https:\/\/schema.org","@graph":[{"@type":"WebPage","@id":"https:\/\/www.challenge-family.com\/brasil-olympic\/provas\/forall\/?lang=pt-br","url":"https:\/\/www.challenge-family.com\/brasil-olympic\/provas\/forall\/?lang=pt-br","name":"Challenge forALL - Challenge Family Brazil","isPartOf":{"@id":"https:\/\/www.challenge-family.com\/brasil-olympic\/#website"},"datePublished":"2017-12-07T17:31:15+00:00","dateModified":"2018-08-25T21:03:11+00:00","breadcrumb":{"@id":"https:\/\/www.challenge-family.com\/brasil-olympic\/provas\/forall\/?lang=pt-br#breadcrumb"},"inLanguage":"en-US","potentialAction":[{"@type":"ReadAction","target":["https:\/\/www.challenge-family.com\/brasil-olympic\/provas\/forall\/?lang=pt-br"]}]},{"@type":"BreadcrumbList","@id":"https:\/\/www.challenge-family.com\/brasil-olympic\/provas\/forall\/?lang=pt-br#breadcrumb","itemListElement":[{"@type":"ListItem","position":1,"name":"Home","item":"https:\/\/www.challenge-family.com\/brasil-olympic\/"},{"@type":"ListItem","position":2,"name":"Provas","item":"https:\/\/www.challenge-family.com\/brasil-olympic\/provas\/?lang=pt-br"},{"@type":"ListItem","position":3,"name":"Challenge forALL"}]},{"@type":"WebSite","@id":"https:\/\/www.challenge-family.com\/brasil-olympic\/#website","url":"https:\/\/www.challenge-family.com\/brasil-olympic\/","name":"Challenge Family Brazil","description":"We are triathlon","potentialAction":[{"@type":"SearchAction","target":{"@type":"EntryPoint","urlTemplate":"https:\/\/www.challenge-family.com\/brasil-olympic\/?s={search_term_string}"},"query-input":{"@type":"PropertyValueSpecification","valueRequired":true,"valueName":"search_term_string"}}],"inLanguage":"en-US"}]}},"_links":{"self":[{"href":"https:\/\/www.challenge-family.com\/brasil-olympic\/wp-json\/wp\/v2\/pages\/1038"}],"collection":[{"href":"https:\/\/www.challenge-family.com\/brasil-olympic\/wp-json\/wp\/v2\/pages"}],"about":[{"href":"https:\/\/www.challenge-family.com\/brasil-olympic\/wp-json\/wp\/v2\/types\/page"}],"author":[{"embeddable":true,"href":"https:\/\/www.challenge-family.com\/brasil-olympic\/wp-json\/wp\/v2\/users\/5"}],"replies":[{"embeddable":true,"href":"https:\/\/www.challenge-family.com\/brasil-olympic\/wp-json\/wp\/v2\/comments?post=1038"}],"version-history":[{"count":11,"href":"https:\/\/www.challenge-family.com\/brasil-olympic\/wp-json\/wp\/v2\/pages\/1038\/revisions"}],"predecessor-version":[{"id":1401,"href":"https:\/\/www.challenge-family.com\/brasil-olympic\/wp-json\/wp\/v2\/pages\/1038\/revisions\/1401"}],"up":[{"embeddable":true,"href":"https:\/\/www.challenge-family.com\/brasil-olympic\/wp-json\/wp\/v2\/pages\/1032"}],"wp:attachment":[{"href":"https:\/\/www.challenge-family.com\/brasil-olympic\/wp-json\/wp\/v2\/media?parent=1038"}],"curies":[{"name":"wp","href":"https:\/\/api.w.org\/{rel}","templated":true}]}}